e
Is 69 a factor of 18092076?
True
Is 280754190 a multiple of 10?
True
Does 2139 divide 64409568?
True
Does 49 divide 318892686?
True
Is 43 a factor of 40342408?
False
Is 178536630 a multiple of 1830?
True
Is 21906326 a multiple of 15?
False
Does 207 divide 580714695?
True
Is 3272534 a multiple of 986?
True
Is 820346114 a multiple of 5180?
False
Is 253162434 a multiple of 33?
False
Is 191 a factor of 63313281?
False
Does 9 divide 2089587?
False
Is 19 a factor of 3229704?
False
Does 3 divide 4695504?
True
Is 147965882 a multiple of 36?
False
Is 742 a factor of 670309553?
False
Is 95 a factor of 14143220?
True
Is 1243 a factor of 128207522?
False
Is 386 a factor of 126864226?
False
Is 28076681 a multiple of 130?
False
Is 1166 a factor of 28780378?
True
Is 6 a factor of 1760206?
False
Is 212656640 a multiple of 10?
True
Is 5812934 a multiple of 61?
True
Is 209 a factor of 116218003?
True
Is 11 a factor of 199285954?
False
Is 51 a factor of 151469492?
False
Is 185021140 a multiple of 67?
False
Does 8402 divide 909440882?
True
Does 15 divide 222042220?
False
Is 111505776 a multiple of 16?
True
Is 419990478 a multiple of 21?
False
Is 195200084 even?
True
Is 4848 a factor of 1032376752?
True
Does 73 divide 749030075?
False
Does 44 divide 89563844?
False
Does 241 divide 5848588?
True
Is 23046250 a multiple of 179?
True
Does 813 divide 946563705?
True
Is 1638 a factor of 3257140989?
False
Is 749775828 a multiple of 12?
True
Is 1333460926 a multiple of 29?
False
Is 1145 a factor of 1641445116?
False
Is 627473440 a multiple of 20?
True
Is 4 a factor of 8417643?
False
Does 1687 divide 20345439?
False
Is 789100 a multiple of 445?
False
Is 1113 a factor of 23689092?
True
Does 131 divide 63140821?
True
Is 2128 a factor of 2371168688?
True
Is 88 a factor of 509333616?
True
Is 34 a factor of 50056374?
False
Is 90 a factor of 1604904629?
False
Is 1972168296 a multiple of 4564?
True
Is 188897875 a multiple of 101?
False
Does 2355 divide 671086889?
False
Is 864 a factor of 2069087793?
False
Does 8 divide 2409668352?
True
Is 92 a factor of 157256326?
False
Is 418795380 a multiple of 29?
True
Does 721 divide 55747720?
True
Is 24303418 a multiple of 386?
False
Is 7660 a factor of 686044920?
True
Is 3 a factor of 4214977?
False
Is 5 a factor of 22063020?
True
Is 49 a factor of 36508871?
True
Is 345 a factor of 378709260?
True
Does 67 divide 1772567009?
False
Does 2033 divide 58948814?
False
Is 116 a factor of 8987030?
False
Does 164 divide 359177545?
False
Is 422 a factor of 627738392?
False
Is 384818887 a multiple of 5314?
False
Is 5 a factor of 60340985?
True
Is 42530193 a multiple of 281?
True
Is 3701620055 a multiple of 312?
False
Is 294395959 a multiple of 580?
False
Is 32 a factor of 212384936?
False
Is 9 a factor of 265729518?
True
Is 2701396126 a multiple of 286?
True
Is 1503 a factor of 51071926?
False
Is 392854470 a multiple of 10?
True
Is 45 a factor of 102310335?
True
Is 5183 a factor of 4862336833?
False
Is 14762086 a multiple of 26?
False
Is 27 a factor of 45508284?
True
Does 9 divide 563000?
False
Is 12555636 a multiple of 16?
False
Is 3463 a factor of 531721955?
False
Does 3763 divide 1137539725?
False
Does 44 divide 139221909?
False
Is 5 a factor of 13121700?
True
Is 1560856985 a multiple of 4224?
False
Does 418 divide 68932380?
True
Is 367 a factor of 1297192040?
False
Is 198 a factor of 320208966?
True
Is 112 a factor of 172102448?
True
Is 14 a factor of 8089276?
False
Is 769919292 a multiple of 18?
True
Is 532 a factor of 87138113?
False
Does 762 divide 46259875?
False
Does 97 divide 178148648?
True
Is 7154 a factor of 344615334?
True
Is 18 a factor of 12800970?
True
Is 2057721570 a multiple of 1410?
True
Does 487 divide 638947409?
True
Is 978965736 a multiple of 33?
False
Does 1748 divide 83759794?
False
Does 16 divide 22033647?
False
Is 8 a factor of 12337248?
True
Is 4 a factor of 11422739?
False
Is 113 a factor of 141698271?
True
Is 242533160 a multiple of 142?
True
Does 132 divide 360870140?
False
Does 474 divide 99966660?
False
Is 732280836 a multiple of 28?
True
Does 2690 divide 924292070?
True
Does 29 divide 210710215?
False
Is 64275005 a multiple of 33?
False
Is 109495350 a multiple of 1424?
False
Does 502 divide 5350375?
False
Is 423929402 a multiple of 55?
False
Is 509418 a multiple of 94?
False
Is 14 a factor of 287155488?
False
Is 362615670 a multiple of 11?
False
Does 1610 divide 244568660?
True
Is 1894 a factor of 91263642?
False
Does 154 divide 30383590?
False
Is 81618115 a multiple of 642?
False
Is 6654052 a multiple of 59?
False
Is 1624959779 a multiple of 6589?
False
Is 2 a factor of 12406345?
False
Does 165 divide 1128443924?
False
Does 15 divide 5621475?
True
Is 1022542408 a multiple of 43?
True
Is 30 a factor of 7827695?
False
Is 505 a factor of 8051507?
False
Does 41 divide 37094870?
False
Does 12 divide 38660040?
True
Does 4 divide 2806923?
False
Is 12791288 a multiple of 355?
False
Is 95 a factor of 8235075?
True
Is 176 a factor of 667518192?
True
Is 32 a factor of 3102975065?
False
Does 140 divide 233110909?
False
Does 21 divide 38402007?
True
Does 33 divide 170772855?
True
Does 75 divide 2732774914?
False
Is 4299 a factor of 182825688?
False
Does 5537 divide 3370482124?
False
Is 39 a factor of 106953748?
False
Does 9 divide 7678188?
True
Does 10 divide 452280?
True
Is 808 a factor of 3003633439?
False
Is 1808836480 a multiple of 220?
True
Does 142 divide 2376761386?
False
Is 132062425 a multiple of 5?
True
Does 5 divide 219016905?
True
Is 348589840 a multiple of 40?
True
Is 10 a factor of 23541085?
False
Is 1618876 a multiple of 14?
True
Is 5234 a factor of 75216435?
False
Does 61 divide 92382060?
True
Is 2919480363 a multiple of 876?
False
Is 26548225 a multiple of 2180?
False
Does 40 divide 2051706868?
False
Is 23 a factor of 583057084?
True
Does 499 divide 23870164?
True
Is 11540991 a multiple of 21?
True
Is 552 a factor of 32582352?
True
Does 77 divide 10023648?
False
Does 38 divide 340048130?
True
Is 69 a factor of 137883001?
False
Is 651410553 a multiple of 337?
True
Does 344 divide 98284646?
False
Is 58546374 a multiple of 141?
False
Is 223800336 a multiple of 9?
True
Does 788 divide 27529333?
False
Is 17 a factor of 385406672?
False
Is 36639803 a multiple of 583?
False
Is 5 a factor of 151159978?
False
Is 1837 a factor of 161174706?
True
Is 11029824 a multiple of 117?
True
Is 5697 a factor of 11190178?
False
Does 2428 divide 314241217?
False
Does 193 divide 2977257?
False
Is 627031113 a multiple of 17?
False
Is 14 a factor of 2273194310?
False
Is 28 a factor of 690498?
False
Does 201 divide 3483971?
False
Is 229168711 a multiple of 22?
False
Does 1791 divide 626242952?
False
Is 79900548 a multiple of 399?
True
Does 52 divide 4217737724?
False
Is 178325624 a multiple of 46?
True
Does 1965 divide 2696356540?
False
Is 194 a factor of 97214176?
True
Is 331 a factor of 2176914692?
False
Is 375121087 a multiple of 16?
False
Does 823 divide 2017935507?
False
Is 3077813505 a multiple of 13?
True
Is 27602432 a multiple of 5?
False
Is 30 a factor of 1233722749?
False
Does 35 divide 25100477?
False
Is 143103493 a multiple of 23?
True
Does 17 divide 62174644?
True
Is 3487 a factor of 49331681?
False
Is 999786375 a multiple of 51?
False
Does 31 divide 2016924883?
True
Is 14275188 a multiple of 18?
True
Is 7 a factor of 17956180?
False
Does 21 divide 341181161?
False
Is 40592727 a multiple of 581?
True
Is 1030 a factor of 4799800?
True
Is 1683 a factor of 157427820?
True
Is 32 a factor of 3249229055?
False
Does 16 divide 490375337?
False
Is 42250380 a multiple of 2732?
True
Is 170917344 a multiple of 117?
True
Is 41 a factor of 180419371?
False
Is 30494633 even?
False
Does 221 divide 3036187947?
True
Is 142 a factor of 83849864?
True
Is 11 a factor of 68525173?
False
Is 13348860 a multiple of 14?
True
Is 154079454 a multiple of 8?
False
Is 246048090 a multiple of 30?
True
Is 11 a factor of 4291661?
True
Is 61 a factor of 84581415?
False
Is 94 a factor of 1053745987?
False
Is 546 a factor of 1068628299?
False
Is 11 a factor of 22418295?
False
Is 88159949 a multiple of 7?
False
Is 32 a factor of 933984?
True
Is 853216768 a multiple of 128?
True
Is 842 a factor of 154683820?
True
Is 2354 a factor of 56757294?
True
Does 13 di